{"id":41,"date":"2022-11-05T18:49:27","date_gmt":"2022-11-05T18:49:27","guid":{"rendered":"http:\/\/bluetruecrime.com\/blog\/?post_type=product&#038;p=41"},"modified":"2025-07-12T21:59:33","modified_gmt":"2025-07-12T21:59:33","slug":"el-crimen-de-yong-fang","status":"publish","type":"product","link":"https:\/\/bluetruecrime.com\/blog\/tienda\/novela\/el-crimen-de-yong-fang\/","title":{"rendered":"El crimen de Yong Fang"},"content":{"rendered":"\r\n<div class=\"wp-block-query is-layout-flow wp-block-query-is-layout-flow\"><ul class=\"columns-3 wp-block-post-template is-layout-grid wp-container-core-post-template-is-layout-0fed8f92 wp-block-post-template-is-layout-grid\"><li class=\"wp-block-post post-4396 post type-post status-publish format-standard has-post-thumbnail hentry category-el-crimen-de-asunta category-caso-asunta tag-caso-asunta\">\r\n\r\n\r\n<div class=\"wp-block-group\" style=\"padding: 30px;\"><div class=\"wp-block-group__inner-container is-layout-flow wp-block-group-is-layout-flow\"><h2 class=\"wp-block-post-title\"><a href=\"https:\/\/bluetruecrime.com\/blog\/basterra-y-el-delito-de-omision\/\" target=\"_self\" >Basterra y el delito de omisi\u00f3n<\/a><\/h2>\r\n\r\n<div class=\"wp-block-post-excerpt\"><p class=\"wp-block-post-excerpt__excerpt\"> <\/p><\/div>\r\n\r\n<div class=\"wp-block-post-date\"><time datetime=\"2024-07-15T21:47:00+00:00\">15 de julio de 2024<\/time><\/div><\/div><\/div>\r\n<\/li><li class=\"wp-block-post post-4003 post type-post status-publish format-standard has-post-thumbnail hentry category-el-crimen-de-asunta category-casos-sin-resolver category-caso-asunta tag-analisis-de-crimenes tag-asunta-yong-fang tag-caso-asunta tag-clara-baltar tag-testigos-caso-asunta tag-true-crime\">\r\n\r\n\r\n<div class=\"wp-block-group\" style=\"padding: 30px;\"><div class=\"wp-block-group__inner-container is-layout-flow wp-block-group-is-layout-flow\"><h2 class=\"wp-block-post-title\"><a href=\"https:\/\/bluetruecrime.com\/blog\/el-caso-asunta-clara-baltar-notas\/\" target=\"_self\" >El caso Asunta: Clara Baltar (Notas)<\/a><\/h2>\r\n\r\n<div class=\"wp-block-post-excerpt\"><p class=\"wp-block-post-excerpt__excerpt\">Clara Baltar El testimonio de Clara Baltar a\u00f1ade una capa m\u00e1s sobre la posible culpabilidad o inocencia de Alfonso. Seg\u00fan el documental ONen\u00fafar, \u2019En el juicio, se fij\u00f3 las 18:23 como la hora en que Clara Baltar pudo ver a Asunta con Alfonso Basterra caminando por la calle\u2019. La pregunta es clara: \u00bfde d\u00f3nde ven\u00edan&hellip; <\/p><\/div>\r\n\r\n<div class=\"wp-block-post-date\"><time datetime=\"2024-02-27T22:15:16+00:00\">27 de febrero de 2024<\/time><\/div><\/div><\/div>\r\n<\/li><li class=\"wp-block-post post-4001 post type-post status-publish format-standard has-post-thumbnail hentry category-el-crimen-de-asunta category-casos-sin-resolver category-caso-asunta tag-asunta-yong-fang tag-caso-asunta tag-crimen-de-asunta tag-rosario-porto\">\r\n\r\n\r\n<div class=\"wp-block-group\" style=\"padding: 30px;\"><div class=\"wp-block-group__inner-container is-layout-flow wp-block-group-is-layout-flow\"><h2 class=\"wp-block-post-title\"><a href=\"https:\/\/bluetruecrime.com\/blog\/notas-del-caso-asunta-cronologia\/\" target=\"_self\" >Notas del caso Asunta: cronolog\u00eda<\/a><\/h2>\r\n\r\n<div class=\"wp-block-post-excerpt\"><p class=\"wp-block-post-excerpt__excerpt\">Antes del 2013 <\/p><\/div>\r\n\r\n<div class=\"wp-block-post-date\"><time datetime=\"2024-02-27T22:09:55+00:00\">27 de febrero de 2024<\/time><\/div><\/div><\/div>\r\n<\/li><li class=\"wp-block-post post-3012 post type-post status-publish format-standard has-post-thumbnail hentry category-el-crimen-de-asunta category-casos-sin-resolver category-caso-asunta tag-asunta-yong-fang tag-caso-asunta\">\r\n\r\n\r\n<div class=\"wp-block-group\" style=\"padding: 30px;\"><div class=\"wp-block-group__inner-container is-layout-flow wp-block-group-is-layout-flow\"><h2 class=\"wp-block-post-title\"><a href=\"https:\/\/bluetruecrime.com\/blog\/el-crimen-de-yong-fang-prefacio-de-anais-abbot\/\" target=\"_self\" >El crimen de Yong Fang, prefacio de Ana\u00efs Abbot<\/a><\/h2>\r\n\r\n<div class=\"wp-block-post-excerpt\"><p class=\"wp-block-post-excerpt__excerpt\">Estando yo escribiendo Un S\u00faper Mundo Feliz en el verano de 2017, la cajaparlante se puso a hablar del caso Asunta, en sus im\u00e1genes, una mujer vestidade negro, muy acongojada, lloraba encogida mientras sentada en la silla deuna sala judicial delante de un micr\u00f3fono. Poco a poco, la voz en off contabauna historia incre\u0131\u0301ble llena&hellip; <\/p><\/div>\r\n\r\n<div class=\"wp-block-post-date\"><time datetime=\"2023-07-30T16:31:51+00:00\">30 de julio de 2023<\/time><\/div><\/div><\/div>\r\n<\/li><li class=\"wp-block-post post-179 post type-post status-publish format-standard has-post-thumbnail hentry category-el-crimen-de-asunta category-caso-asunta tag-asunta-yong-fang tag-el-caso-asunta tag-el-crimen-de-asunta\">\r\n\r\n\r\n<div class=\"wp-block-group\" style=\"padding: 30px;\"><div class=\"wp-block-group__inner-container is-layout-flow wp-block-group-is-layout-flow\"><h2 class=\"wp-block-post-title\"><a href=\"https:\/\/bluetruecrime.com\/blog\/el-crimen-de-yong-fang-las-manos-de-alfonso\/\" target=\"_self\" >EL CRIMEN DE YONG FANG: Las manos de Alfonso<\/a><\/h2>\r\n\r\n<div class=\"wp-block-post-excerpt\"><p class=\"wp-block-post-excerpt__excerpt\">Fiscal: esa es la mano de usted? Alfonso: S\u00ed, seguramente, s\u00ed, evidentemente. Y mientras dice eso, mete las manos debajo de sus muslos, piernas hacia atr\u00e1s, pies para dentro, cuepor superior para adelante. Hay algo indecible, inefable, un olor extra\u00f1o en Alfonso, que se oculta bajo un uso del lenguaje arcaico y redomado, unas gafas&hellip; <\/p><\/div>\r\n\r\n<div class=\"wp-block-post-date\"><time datetime=\"2022-11-13T23:39:18+00:00\">13 de noviembre de 2022<\/time><\/div><\/div><\/div>\r\n<\/li><li class=\"wp-block-post post-177 post type-post status-publish format-standard has-post-thumbnail hentry category-el-crimen-de-asunta category-casos-sin-resolver category-caso-asunta tag-asunta-yong-fang tag-el-caso-asunta tag-el-crimen-de-asunta\">\r\n\r\n\r\n<div class=\"wp-block-group\" style=\"padding: 30px;\"><div class=\"wp-block-group__inner-container is-layout-flow wp-block-group-is-layout-flow\"><h2 class=\"wp-block-post-title\"><a href=\"https:\/\/bluetruecrime.com\/blog\/el-crimen-de-yong-fang-los-repugnantes-gustos-de-el\/\" target=\"_self\" >EL CRIMEN DE YONG FANG: Los repugnantes gustos de \u00e9l<\/a><\/h2>\r\n\r\n<div class=\"wp-block-post-excerpt\"><p class=\"wp-block-post-excerpt__excerpt\"> <\/p><\/div>\r\n\r\n<div class=\"wp-block-post-date\"><time datetime=\"2022-11-13T23:38:42+00:00\">13 de noviembre de 2022<\/time><\/div><\/div><\/div>\r\n<\/li><\/ul><\/div>\r\n","protected":false},"excerpt":{"rendered":"","protected":false},"featured_media":4809,"comment_status":"open","ping_status":"closed","template":"","meta":{"_crdt_document":"","_eb_attr":""},"product_brand":[],"product_cat":[102],"product_tag":[189],"class_list":{"0":"post-41","1":"product","2":"type-product","3":"status-publish","4":"has-post-thumbnail","6":"product_cat-novela","7":"product_tag-novela-de-crimenes","9":"first","10":"instock","11":"shipping-taxable","12":"product-type-simple"},"_links":{"self":[{"href":"https:\/\/bluetruecrime.com\/blog\/wp-json\/wp\/v2\/product\/41","targetHints":{"allow":["GET"]}}],"collection":[{"href":"https:\/\/bluetruecrime.com\/blog\/wp-json\/wp\/v2\/product"}],"about":[{"href":"https:\/\/bluetruecrime.com\/blog\/wp-json\/wp\/v2\/types\/product"}],"replies":[{"embeddable":true,"href":"https:\/\/bluetruecrime.com\/blog\/wp-json\/wp\/v2\/comments?post=41"}],"wp:featuredmedia":[{"embeddable":true,"href":"https:\/\/bluetruecrime.com\/blog\/wp-json\/wp\/v2\/media\/4809"}],"wp:attachment":[{"href":"https:\/\/bluetruecrime.com\/blog\/wp-json\/wp\/v2\/media?parent=41"}],"wp:term":[{"taxonomy":"product_brand","embeddable":true,"href":"https:\/\/bluetruecrime.com\/blog\/wp-json\/wp\/v2\/product_brand?post=41"},{"taxonomy":"product_cat","embeddable":true,"href":"https:\/\/bluetruecrime.com\/blog\/wp-json\/wp\/v2\/product_cat?post=41"},{"taxonomy":"product_tag","embeddable":true,"href":"https:\/\/bluetruecrime.com\/blog\/wp-json\/wp\/v2\/product_tag?post=41"}],"curies":[{"name":"wp","href":"https:\/\/api.w.org\/{rel}","templated":true}]}}