{"id":2875,"date":"2023-07-05T17:45:49","date_gmt":"2023-07-05T17:45:49","guid":{"rendered":"https:\/\/bluetruecrime.com\/blog\/?page_id=2875"},"modified":"2025-01-11T20:23:41","modified_gmt":"2025-01-11T20:23:41","slug":"en-amazon","status":"publish","type":"page","link":"https:\/\/bluetruecrime.com\/blog\/en-amazon\/","title":{"rendered":"En amazon"},"content":{"rendered":"\n<h2 class=\"wp-block-heading\">Conspiraci\u00f3n Black Swan<\/h2>\n\n\n\n<figure class=\"wp-block-embed is-type-rich is-provider-amazon wp-block-embed-amazon\"><div class=\"wp-block-embed__wrapper\">\n<iframe loading=\"lazy\" title=\"Conspiraci\u00f3n Black Swan (Un mundo sin dinero)\" type=\"text\/html\" width=\"1200\" height=\"550\" frameborder=\"0\" allowfullscreen style=\"max-width:100%\" src=\"https:\/\/leer.amazon.es\/kp\/card?preview=inline&#038;linkCode=kpd&#038;ref_=k4w_oembed_mAvunUZuUQdigf&#038;asin=B0D9SPQBKF&#038;tag=kpembed-20\"><\/iframe>\n<\/div><\/figure>\n\n\n\n<h2 class=\"wp-block-heading\">Paco el Psico<\/h2>\n\n\n\n<figure class=\"wp-block-embed is-type-rich is-provider-amazon wp-block-embed-amazon\"><div class=\"wp-block-embed__wrapper\">\n<iframe loading=\"lazy\" title=\"Paco el psico I: A sangre fr\u00eda: Una novela de cr\u00edmenes por entregas no apta para est\u00f3magos sensibles\" type=\"text\/html\" width=\"1200\" height=\"550\" frameborder=\"0\" allowfullscreen style=\"max-width:100%\" src=\"https:\/\/leer.amazon.es\/kp\/card?preview=inline&#038;linkCode=kpd&#038;ref_=k4w_oembed_Da2lqnFCgtbqYh&#038;asin=B0BYYCSVC3&#038;tag=kpembed-20\"><\/iframe>\n<\/div><\/figure>\n\n\n\n<h2 class=\"wp-block-heading\">Kalifornia&#8217;s Dreaming<\/h2>\n\n\n\n<figure class=\"wp-block-embed is-type-rich is-provider-amazon wp-block-embed-amazon\"><div class=\"wp-block-embed__wrapper\">\n<iframe loading=\"lazy\" title=\"Kalifornia&#039;s Dreaming (Un mundo sin dinero)\" type=\"text\/html\" width=\"1200\" height=\"550\" frameborder=\"0\" allowfullscreen style=\"max-width:100%\" src=\"https:\/\/leer.amazon.es\/kp\/card?preview=inline&#038;linkCode=kpd&#038;ref_=k4w_oembed_eAxvsCCsg7Vys5&#038;asin=1484882318&#038;tag=kpembed-20\"><\/iframe>\n<\/div><\/figure>\n","protected":false},"excerpt":{"rendered":"<p>Conspiraci\u00f3n Black Swan Paco el Psico Kalifornia&#8217;s Dreaming<\/p>\n","protected":false},"author":1,"featured_media":6101,"parent":0,"menu_order":0,"comment_status":"closed","ping_status":"closed","template":"","meta":{"_crdt_document":"","_eb_attr":"","footnotes":""},"class_list":["post-2875","page","type-page","status-publish","has-post-thumbnail","hentry"],"_links":{"self":[{"href":"https:\/\/bluetruecrime.com\/blog\/wp-json\/wp\/v2\/pages\/2875","targetHints":{"allow":["GET"]}}],"collection":[{"href":"https:\/\/bluetruecrime.com\/blog\/wp-json\/wp\/v2\/pages"}],"about":[{"href":"https:\/\/bluetruecrime.com\/blog\/wp-json\/wp\/v2\/types\/page"}],"author":[{"embeddable":true,"href":"https:\/\/bluetruecrime.com\/blog\/wp-json\/wp\/v2\/users\/1"}],"replies":[{"embeddable":true,"href":"https:\/\/bluetruecrime.com\/blog\/wp-json\/wp\/v2\/comments?post=2875"}],"version-history":[{"count":3,"href":"https:\/\/bluetruecrime.com\/blog\/wp-json\/wp\/v2\/pages\/2875\/revisions"}],"predecessor-version":[{"id":4606,"href":"https:\/\/bluetruecrime.com\/blog\/wp-json\/wp\/v2\/pages\/2875\/revisions\/4606"}],"wp:featuredmedia":[{"embeddable":true,"href":"https:\/\/bluetruecrime.com\/blog\/wp-json\/wp\/v2\/media\/6101"}],"wp:attachment":[{"href":"https:\/\/bluetruecrime.com\/blog\/wp-json\/wp\/v2\/media?parent=2875"}],"curies":[{"name":"wp","href":"https:\/\/api.w.org\/{rel}","templated":true}]}}