{"id":2706,"date":"2023-04-21T23:27:23","date_gmt":"2023-04-21T23:27:23","guid":{"rendered":"https:\/\/bluetruecrime.com\/blog\/?page_id=2706"},"modified":"2023-08-25T11:23:28","modified_gmt":"2023-08-25T11:23:28","slug":"contacto","status":"publish","type":"page","link":"https:\/\/bluetruecrime.com\/blog\/contacto\/","title":{"rendered":"Contacto"},"content":{"rendered":"\n<div class=\"wp-block-cover alignwide is-position-center-center\" style=\"min-height:375px;aspect-ratio:unset;\"><span aria-hidden=\"true\" class=\"wp-block-cover__background has-background-dim-20 has-background-dim\"><\/span><img loading=\"lazy\" decoding=\"async\" width=\"2560\" height=\"1707\" class=\"wp-block-cover__image-background wp-image-3084\" alt=\"\" src=\"https:\/\/bluetruecrime.com\/blog\/wp-content\/uploads\/2023\/08\/pexels-cottonbro-studio-8369520-scaled.jpg\" data-object-fit=\"cover\" srcset=\"https:\/\/bluetruecrime.com\/blog\/wp-content\/uploads\/2023\/08\/pexels-cottonbro-studio-8369520-scaled.jpg 2560w, https:\/\/bluetruecrime.com\/blog\/wp-content\/uploads\/2023\/08\/pexels-cottonbro-studio-8369520-scaled-1600x1067.jpg 1600w, https:\/\/bluetruecrime.com\/blog\/wp-content\/uploads\/2023\/08\/pexels-cottonbro-studio-8369520-scaled-100x67.jpg 100w, https:\/\/bluetruecrime.com\/blog\/wp-content\/uploads\/2023\/08\/pexels-cottonbro-studio-8369520-500x333.jpg 500w, https:\/\/bluetruecrime.com\/blog\/wp-content\/uploads\/2023\/08\/pexels-cottonbro-studio-8369520-1024x683.jpg 1024w, https:\/\/bluetruecrime.com\/blog\/wp-content\/uploads\/2023\/08\/pexels-cottonbro-studio-8369520-400x267.jpg 400w, https:\/\/bluetruecrime.com\/blog\/wp-content\/uploads\/2023\/08\/pexels-cottonbro-studio-8369520-768x512.jpg 768w, https:\/\/bluetruecrime.com\/blog\/wp-content\/uploads\/2023\/08\/pexels-cottonbro-studio-8369520-1536x1024.jpg 1536w, https:\/\/bluetruecrime.com\/blog\/wp-content\/uploads\/2023\/08\/pexels-cottonbro-studio-8369520-2048x1365.jpg 2048w\" sizes=\"auto, (max-width: 2560px) 100vw, 2560px\" \/><div class=\"wp-block-cover__inner-container is-layout-flow wp-block-cover-is-layout-flow\">\n<p class=\"has-text-align-center has-text-color wp-block-paragraph\" style=\"color:#fffffa;font-size:74px;line-height:1.1\">Somos especialistas en el an\u00e1lisis de informaci\u00f3n<\/p>\n<\/div><\/div>\n\n\n\n<h1 class=\"wp-block-heading alignfull has-text-align-center\" id=\"h-talk-to-a-human\">Cu\u00e9ntanos tu caso<\/h1>\n\n\n\n<p class=\"has-text-align-center has-medium-font-size wp-block-paragraph\">\u00bfQuieres que analicemos un caso en particular? \u00bfNecesitas una mirada nueva sobre la informaci\u00f3n que est\u00e1s analizando? No dudes en contactarnos.<\/p>\n\n\n\n<div class=\"wp-block-columns is-layout-flex wp-container-core-columns-is-layout-8f761849 wp-block-columns-is-layout-flex\">\n<div class=\"wp-block-column is-layout-flow wp-block-column-is-layout-flow\" style=\"flex-basis:33.33%\">\n<h2 class=\"wp-block-heading alignfull has-text-align-center\" id=\"h-let-s-chat\">Discreci\u00f3n<\/h2>\n\n\n\n<figure class=\"wp-block-image size-large\"><img loading=\"lazy\" decoding=\"async\" width=\"683\" height=\"1024\" src=\"https:\/\/bluetruecrime.com\/blog\/wp-content\/uploads\/2023\/08\/pexels-cottonbro-studio-7299460-683x1024.jpg\" alt=\"\" class=\"wp-image-3087\" srcset=\"https:\/\/bluetruecrime.com\/blog\/wp-content\/uploads\/2023\/08\/pexels-cottonbro-studio-7299460-683x1024.jpg 683w, https:\/\/bluetruecrime.com\/blog\/wp-content\/uploads\/2023\/08\/pexels-cottonbro-studio-7299460-scaled-1600x2400.jpg 1600w, https:\/\/bluetruecrime.com\/blog\/wp-content\/uploads\/2023\/08\/pexels-cottonbro-studio-7299460-scaled-100x150.jpg 100w, https:\/\/bluetruecrime.com\/blog\/wp-content\/uploads\/2023\/08\/pexels-cottonbro-studio-7299460-333x500.jpg 333w, https:\/\/bluetruecrime.com\/blog\/wp-content\/uploads\/2023\/08\/pexels-cottonbro-studio-7299460-267x400.jpg 267w, https:\/\/bluetruecrime.com\/blog\/wp-content\/uploads\/2023\/08\/pexels-cottonbro-studio-7299460-768x1152.jpg 768w, https:\/\/bluetruecrime.com\/blog\/wp-content\/uploads\/2023\/08\/pexels-cottonbro-studio-7299460-1024x1536.jpg 1024w, https:\/\/bluetruecrime.com\/blog\/wp-content\/uploads\/2023\/08\/pexels-cottonbro-studio-7299460-1365x2048.jpg 1365w, https:\/\/bluetruecrime.com\/blog\/wp-content\/uploads\/2023\/08\/pexels-cottonbro-studio-7299460-scaled.jpg 1707w\" sizes=\"auto, (max-width: 683px) 100vw, 683px\" \/><\/figure>\n<\/div>\n\n\n\n<div class=\"wp-block-column is-layout-flow wp-block-column-is-layout-flow\" style=\"flex-basis:66.66%\">\n<div class=\"wp-block-contact-form-7-contact-form-selector\">\n<div class=\"wpcf7 no-js\" id=\"wpcf7-f2704-o1\" lang=\"es-ES\" dir=\"ltr\" data-wpcf7-id=\"2704\">\n<div class=\"screen-reader-response\"><p role=\"status\" aria-live=\"polite\" aria-atomic=\"true\"><\/p> <ul><\/ul><\/div>\n<form action=\"\/blog\/wp-json\/wp\/v2\/pages\/2706#wpcf7-f2704-o1\" method=\"post\" class=\"wpcf7-form init\" aria-label=\"Formulario de contacto\" novalidate=\"novalidate\" data-status=\"init\">\n<fieldset class=\"hidden-fields-container\"><input type=\"hidden\" name=\"_wpcf7\" value=\"2704\" \/><input type=\"hidden\" name=\"_wpcf7_version\" value=\"6.1.5\" \/><input type=\"hidden\" name=\"_wpcf7_locale\" value=\"es_ES\" \/><input type=\"hidden\" name=\"_wpcf7_unit_tag\" value=\"wpcf7-f2704-o1\" \/><input type=\"hidden\" name=\"_wpcf7_container_post\" value=\"0\" \/><input type=\"hidden\" name=\"_wpcf7_posted_data_hash\" value=\"\" \/>\n<\/fieldset>\n<p><label> Tu nombre<br \/>\n<span class=\"wpcf7-form-control-wrap\" data-name=\"your-name\"><input size=\"40\" maxlength=\"400\" class=\"wpcf7-form-control wpcf7-text wpcf7-validates-as-required\" autocomplete=\"name\" aria-required=\"true\" aria-invalid=\"false\" value=\"\" type=\"text\" name=\"your-name\" \/><\/span> <\/label>\n<\/p>\n<p><label> Tu correo electr\u00f3nico<br \/>\n<span class=\"wpcf7-form-control-wrap\" data-name=\"your-email\"><input size=\"40\" maxlength=\"400\" class=\"wpcf7-form-control wpcf7-email wpcf7-validates-as-required wpcf7-text wpcf7-validates-as-email\" autocomplete=\"email\" aria-required=\"true\" aria-invalid=\"false\" value=\"\" type=\"email\" name=\"your-email\" \/><\/span> <\/label>\n<\/p>\n<p><label> Asunto<br \/>\n<span class=\"wpcf7-form-control-wrap\" data-name=\"your-subject\"><input size=\"40\" maxlength=\"400\" class=\"wpcf7-form-control wpcf7-text wpcf7-validates-as-required\" aria-required=\"true\" aria-invalid=\"false\" value=\"\" type=\"text\" name=\"your-subject\" \/><\/span> <\/label>\n<\/p>\n<p><label> Tu mensaje (opcional)<br \/>\n<span class=\"wpcf7-form-control-wrap\" data-name=\"your-message\"><textarea cols=\"40\" rows=\"10\" maxlength=\"2000\" class=\"wpcf7-form-control wpcf7-textarea\" aria-invalid=\"false\" name=\"your-message\"><\/textarea><\/span> <\/label>\n<\/p>\n<p><input class=\"wpcf7-form-control wpcf7-submit has-spinner\" type=\"submit\" value=\"Enviar\" \/>\n<\/p><p style=\"display: none !important;\" class=\"akismet-fields-container\" data-prefix=\"_wpcf7_ak_\"><label>&#916;<textarea name=\"_wpcf7_ak_hp_textarea\" cols=\"45\" rows=\"8\" maxlength=\"100\"><\/textarea><\/label><input type=\"hidden\" id=\"ak_js_1\" name=\"_wpcf7_ak_js\" value=\"223\"\/><script>document.getElementById( \"ak_js_1\" ).setAttribute( \"value\", ( new Date() ).getTime() );<\/script><\/p><div class=\"wpcf7-response-output\" aria-hidden=\"true\"><\/div>\n<\/form>\n<\/div>\n<\/div>\n<\/div>\n<\/div>\n","protected":false},"excerpt":{"rendered":"<p>Cu\u00e9ntanos tu caso \u00bfQuieres que analicemos un caso en particular? \u00bfNecesitas una mirada nueva sobre la informaci\u00f3n que est\u00e1s analizando? No dudes en contactarnos. Discreci\u00f3n<\/p>\n","protected":false},"author":1,"featured_media":6101,"parent":0,"menu_order":0,"comment_status":"closed","ping_status":"closed","template":"","meta":{"_crdt_document":"","_eb_attr":"","footnotes":""},"class_list":["post-2706","page","type-page","status-publish","has-post-thumbnail","hentry"],"_links":{"self":[{"href":"https:\/\/bluetruecrime.com\/blog\/wp-json\/wp\/v2\/pages\/2706","targetHints":{"allow":["GET"]}}],"collection":[{"href":"https:\/\/bluetruecrime.com\/blog\/wp-json\/wp\/v2\/pages"}],"about":[{"href":"https:\/\/bluetruecrime.com\/blog\/wp-json\/wp\/v2\/types\/page"}],"author":[{"embeddable":true,"href":"https:\/\/bluetruecrime.com\/blog\/wp-json\/wp\/v2\/users\/1"}],"replies":[{"embeddable":true,"href":"https:\/\/bluetruecrime.com\/blog\/wp-json\/wp\/v2\/comments?post=2706"}],"version-history":[{"count":7,"href":"https:\/\/bluetruecrime.com\/blog\/wp-json\/wp\/v2\/pages\/2706\/revisions"}],"predecessor-version":[{"id":3401,"href":"https:\/\/bluetruecrime.com\/blog\/wp-json\/wp\/v2\/pages\/2706\/revisions\/3401"}],"wp:featuredmedia":[{"embeddable":true,"href":"https:\/\/bluetruecrime.com\/blog\/wp-json\/wp\/v2\/media\/6101"}],"wp:attachment":[{"href":"https:\/\/bluetruecrime.com\/blog\/wp-json\/wp\/v2\/media?parent=2706"}],"curies":[{"name":"wp","href":"https:\/\/api.w.org\/{rel}","templated":true}]}}